rue
Is 168167 a prime number?
False
Is 3011 a composite number?
False
Is 59091 prime?
False
Is 292297 composite?
True
Is 10301 a prime number?
True
Is 48073 a composite number?
False
Is 45221 prime?
False
Is 100351 prime?
False
Is 17209 a prime number?
True
Is 1140013 a prime number?
False
Is 2487557 a composite number?
False
Is 11113 a composite number?
False
Is 353237 a prime number?
True
Is 5623 composite?
False
Is 447409 a composite number?
False
Is 1726 prime?
False
Is 118709 a prime number?
True
Is 8483 prime?
False
Is 270403 composite?
True
Is 1369371 composite?
True
Is 167065 a composite number?
True
Is 174203 composite?
True
Is 55343 composite?
False
Is 88919 prime?
True
Is 12689 composite?
False
Is 126001 composite?
False
Is 11213 composite?
False
Is 812134 composite?
True
Is 818453 prime?
True
Is 12659 prime?
True
Is 19661 composite?
False
Is 11582 prime?
False
Is 5999 a composite number?
True
Is 1762 a prime number?
False
Is 1144801 composite?
True
Is 6931 composite?
True
Is 2203 composite?
False
Is 1429631 a composite number?
True
Is 1287695 a prime number?
False
Is 587 prime?
True
Is 443283 prime?
False
Is 160099 a prime number?
False
Is 21247 prime?
True
Is 92359 composite?
True
Is 9194035 a prime number?
False
Is 25733 composite?
False
Is 3434647 composite?
True
Is 3989 a prime number?
True
Is 57389 a composite number?
False
Is 2244751 prime?
True
Is 169237 a composite number?
True
Is 121117 a composite number?
True
Is 529153 prime?
True
Is 54451 a prime number?
False
Is 91331 composite?
False
Is 1693 a composite number?
False
Is 4561 composite?
False
Is 2760411 prime?
False
Is 15253 a prime number?
False
Is 86491 a composite number?
False
Is 3491 a prime number?
True
Is 54737 composite?
True
Is 36969 a composite number?
True
Is 90971 prime?
True
Is 331 prime?
True
Is 8261 composite?
True
Is 289543 prime?
True
Is 552179 a prime number?
True
Is 1235593 a composite number?
False
Is 2064377 composite?
True
Is 195271 composite?
False
Is 761429 a prime number?
True
Is 28201 a composite number?
False
Is 2591 prime?
True
Is 207923 a prime number?
True
Is 18299 prime?
False
Is 60013 a prime number?
True
Is 404527 a composite number?
False
Is 5989 a composite number?
True
Is 460483 composite?
True
Is 52511 prime?
True
Is 11629 composite?
True
Is 677857 a prime number?
True
Is 2045767 a composite number?
True
Is 1125979 composite?
True
Is 699253 a composite number?
False
Is 22759 composite?
True
Is 25873 composite?
False
Is 2987 prime?
False
Is 13 a composite number?
False
Is 47087 prime?
True
Is 55291 a composite number?
False
Is 222187 prime?
False
Is 90745 prime?
False
Is 1726 prime?
False
Is 105649 composite?
False
Is 59333 a composite number?
False
Is 22531 a prime number?
True
Is 1297 a composite number?
False
Is 467119 a composite number?
False
Is 731701 prime?
False
Is 175111 a prime number?
False
Is 58631 a prime number?
True
Is 40431 a prime number?
False
Is 15629 composite?
False
Is 1219 prime?
False
Is 3251 composite?
False
Is 716645 a prime number?
False
Is 1141 prime?
False
Is 2300703 composite?
True
Is 241763 composite?
True
Is 1801 composite?
False
Is 68903 prime?
True
Is 1893695 a prime number?
False
Is 116953 composite?
False
Is 6143 a prime number?
True
Is 248939 a composite number?
True
Is 459809 composite?
True
Is 127 composite?
False
Is 188011 composite?
False
Is 2401537 composite?
False
Is 123169 prime?
True
Is 194641 a prime number?
False
Is 3985 a composite number?
True
Is 82753 a prime number?
False
Is 5259 composite?
True
Is 19457 a prime number?
True
Is 173461 composite?
True
Is 47181 a prime number?
False
Is 5043829 a prime number?
False
Is 5437 composite?
False
Is 407833 a prime number?
True
Is 2081 a composite number?
False
Is 54019 a composite number?
True
Is 26759 prime?
True
Is 76717 a composite number?
False
Is 21959 a composite number?
True
Is 15439 composite?
False
Is 51403 a prime number?
False
Is 9667 a composite number?
True
Is 6823 a prime number?
True
Is 185401 a composite number?
False
Is 6677 composite?
True
Is 1191985 a prime number?
False
Is 78367 composite?
False
Is 2413 prime?
False
Is 2153 prime?
True
Is 1711 prime?
False
Is 52387 a composite number?
False
Is 218357 prime?
True
Is 36151 prime?
True
Is 619093 a composite number?
True
Is 764823 a prime number?
False
Is 5699 composite?
True
Is 11723 composite?
True
Is 616829 prime?
True
Is 67681 composite?
True
Is 97547 composite?
False
Is 665039 composite?
False
Is 145633 a composite number?
False
Is 274711 a composite number?
False
Is 134501 a composite number?
True
Is 5267 a prime number?
False
Is 1529353 composite?
True
Is 135799 a prime number?
True
Is 4811 a prime number?
False
Is 8347 a composite number?
True
Is 27299 a prime number?
True
Is 49597 prime?
True
Is 65411 prime?
False
Is 3433 prime?
True
Is 2029 a prime number?
True
Is 68729 prime?
True
Is 36523 a prime number?
True
Is 20771 a composite number?
False
Is 68729 a prime number?
True
Is 1067 a composite number?
True
Is 5471 a composite number?
False
Is 146347 a prime number?
True
Is 751567 composite?
False
Is 62099 a prime number?
True
Is 14441 a prime number?
False
Is 460673 composite?
False
Is 10497 a prime number?
False
Is 2047882 prime?
False
Is 27037 composite?
True
Is 32187 prime?
False
Is 22877 a composite number?
False
Is 260921 composite?
False
Is 174659 a prime number?
True
Is 10379 prime?
False
Is 33791 a prime number?
True
Is 17291 a composite number?
False
Is 31387 a prime number?
True
Is 83837 prime?
False
Is 11789 a prime number?
True
Is 853 a composite number?
False
Is 192307 composite?
False
Is 10641 prime?
False
Is 2267 composite?
False
Is 328297 a composite number?
True
Is 188039 prime?
False
Is 277919 composite?
False
Is 2309 a composite number?
False
Is 2303117 a prime number?
True
Is 42469 composite?
True
Is 57335 composite?
True
Is 103723 a prime number?
True
Is 419527 prime?
True
Is 287785 a prime number?
False
Is 18217 a prime number?
True
Is 2572811 composite?
False
Is 80657 a prime number?
True
Is 1483 a composite number?
False
Is 147991 composite?
True
Is 1528927 composite?
True
Is 2159 a prime number?
False
Is 236053 a prime number?
True
Is 278429 a prime number?
False
Is 24317 composite?
False
Is 9901 a composite number?
False
Is 67103 composite?
False
Is 77431 a composite number?
False
Is 15829 prime?
False
Is 30631 composite?
False
Is 69241 a composite number?
True
Is 1439 prime?
True
Is 13669 a composite number?
False
Is 118369 prime?
True
Is 21893 a prime number?
True
Is 1123163 prime?
False
Is 935971 prime?
True
Is 6173 a composite number?
False
Is 2503 a composite number?
False
Is 1966271 composite?
True
Is 18635 prime?
False
Is 103289 prime?
True
Is 2119 prime?
False
Is 3551 a composite number?
True
Is 26237 a composite number?
False
Is 783061 a composite number?
True
Is 614 a prime number?
False
Is 5501 a prime number?
True
Is 10037 prime?
True
Is 19631 a composite number?
True
Is 497 prime?
False
Is 278557 composite?
False
Is 27647 a prime number?
True
Is 1040327 a prime number?
True
Is 21209 a prime number?
False
Is 129187 a composite number?
False
Is 20297 a prime number?
True
Is 2699 composite?
False
Is 307 composite?
False
Is 4421 prime?
True
Is 100091 a prime number?
False
Is 125681 a composite number?
True
Is 136717 a prime number?
False
Is 1703 a prime number?
False
Is 1122659 a composite number?
False
Is 1169 a composite number?
True
Is 8467 prime?
True
Is 220613 composite?
False
Is 10129 a prime number?
False
Is 31499 composite?
True
Is 3589 a prime number?
False
Is 139 a prime number?
True
Is 787 a composite number?
False
Is 85889 composite?
False
Is 3937 composite?
True
Is 12661 prime?
False
Is 533185 a prime number?
False
Is 3959 a prime number?
False
Is 227267 prime?
True
Is 31847 a composite number?
False
Is 9134 composite?
True
Is 147037 a prime number?
False
Is 317683 a prime number?
False
Is 4861 a prime number?
True
Is 1890211 composite?
False
Is 163369 composite?
True
Is 70051 prime?
True
Is 6731 a composite number?
True
Is 7586 a composite number?
True
Is 2461769 composite?
False
Is 80897 a prime number?
True
Is 569631 a composite number?
True
Is 44342 a prime number?
False
Is 476779 a composite number?
True
Is 48